 is divided by 51?
48
Calculate the remainder when 4139 is divided by 25.
14
What is the remainder when 955 is divided by 33?
31
What is the remainder when 4211 is divided by 36?
35
Calculate the remainder when 868 is divided by 67.
64
Calculate the remainder when 8063 is divided by 168.
167
Calculate the remainder when 5798 is divided by 181.
6
Calculate the remainder when 660 is divided by 25.
10
What is the remainder when 40 is divided by 14?
12
Calculate the remainder when 1091 is divided by 12.
11
Calculate the remainder when 5827 is divided by 188.
187
Calculate the remainder when 87 is divided by 24.
15
Calculate the remainder when 11764 is divided by 65.
64
What is the remainder when 480 is divided by 38?
24
Calculate the remainder when 689 is divided by 69.
68
What is the remainder when 28 is divided by 5?
3
What is the remainder when 626 is divided by 30?
26
Calculate the remainder when 131 is divided by 4.
3
Calculate the remainder when 182 is divided by 48.
38
Calculate the remainder when 768 is divided by 78.
66
What is the remainder when 2839 is divided by 237?
232
What is the remainder when 160 is divided by 33?
28
What is the remainder when 1862 is divided by 620?
2
What is the remainder when 375 is divided by 102?
69
Calculate the remainder when 334 is divided by 291.
43
What is the remainder when 121 is divided by 38?
7
Calculate the remainder when 3592 is divided by 244.
176
Calculate the remainder when 299 is divided by 5.
4
What is the remainder when 127 is divided by 37?
16
What is the remainder when 368 is divided by 73?
3
Calculate the remainder when 1549 is divided by 41.
32
What is the remainder when 1321 is divided by 166?
159
Calculate the remainder when 180 is divided by 14.
12
What is the remainder when 1294 is divided by 484?
326
Calculate the remainder when 269 is divided by 92.
85
What is the remainder when 9954 is divided by 131?
129
What is the remainder when 382 is divided by 55?
52
Calculate the remainder when 302 is divided by 28.
22
What is the remainder when 1214 is divided by 252?
206
What is the remainder when 502 is divided by 128?
118
Calculate the remainder when 5214 is divided by 111.
108
What is the remainder when 3562 is divided by 162?
160
What is the remainder when 673 is divided by 175?
148
What is the remainder when 451 is divided by 38?
33
Calculate the remainder when 54 is divided by 47.
7
Calculate the remainder when 9 is divided by 8.
1
What is the remainder when 67 is divided by 28?
11
What is the remainder when 883 is divided by 68?
67
What is the remainder when 34 is divided by 23?
11
Calculate the remainder when 215 is divided by 39.
20
What is the remainder when 114 is divided by 10?
4
Calculate the remainder when 1056 is divided by 67.
51
What is the remainder when 143 is divided by 56?
31
What is the remainder when 2149 is divided by 135?
124
What is the remainder when 76 is divided by 20?
16
What is the remainder when 859 is divided by 43?
42
Calculate the remainder when 1294 is divided by 30.
4
Calculate the remainder when 40068 is divided by 37.
34
What is the remainder when 411 is divided by 16?
11
Calculate the remainder when 20 is divided by 11.
9
What is the remainder when 95 is divided by 51?
44
What is the remainder when 221 is divided by 79?
63
What is the remainder when 5568 is divided by 795?
3
What is the remainder when 35 is divided by 31?
4
Calculate the remainder when 448 is divided by 6.
4
What is the remainder when 28 is divided by 24?
4
What is the remainder when 92 is divided by 26?
14
Calculate the remainder when 9266 is divided by 515.
511
What is the remainder when 15 is divided by 1?
0
Calculate the remainder when 104 is divided by 15.
14
Calculate the remainder when 28 is divided by 12.
4
Calculate the remainder when 2161 is divided by 98.
5
Calculate the remainder when 1103 is divided by 41.
37
Calculate the remainder when 915 is divided by 112.
19
What is the remainder when 82 is divided by 12?
10
Calculate the remainder when 862 is divided by 54.
52
What is the remainder when 909 is divided by 132?
117
What is the remainder when 559 is divided by 33?
31
Calculate the remainder when 607 is divided by 38.
37
Calculate the remainder when 194 is divided by 22.
18
What is the remainder when 248 is divided by 63?
59
What is the remainder when 898 is divided by 93?
61
What is the remainder when 688 is divided by 99?
94
Calculate the remainder when 876 is divided by 204.
60
What is the remainder when 302 is divided by 75?
2
Calculate the remainder when 38996 is divided by 390.
386
What is the remainder when 1022 is divided by 41?
38
What is the remainder when 7009 is divided by 27?
16
What is the remainder when 168 is divided by 117?
51
Calculate the remainder when 59 is divided by 17.
8
What is the remainder when 2955 is divided by 113?
17
What is the remainder when 2129 is divided by 1062?
5
Calculate the remainder when 124 is divided by 45.
34
What is the remainder when 3734 is divided by 42?
38
What is the remainder when 3188 is divided by 58?
56
What is the remainder when 734 is divided by 486?
248
What is the remainder when 926 is divided by 405?
116
Calculate the remainder when 8622 is divided by 125.
122
Calculate the remainder when 783 is divided by 356.
71
Calculate the remainder when 649 is divided by 436.
213
What is the remainder when 2988 is divided by 62?
12
Calculate the remainder when 1977 is divided by 55.
52
Calculate the remainder when 7751 is divided by 136.
135
What is the remainder when 391 is divided by 26?
1
What is the remainder when 93 is divided by 21?
9
Calculate the remainder when 46 is divided by 17.
12
What is the remainder when 4406 is divided by 42?
38
Calculate the remainder when 481 is divided by 110.
41
Calculate the remainder when 283 is divided by 107.
69
Calculate the remainder when 107 is divided by 19.
12
What is the remainder when 1429 is divided by 11?
10
What is the remainder when 845 is divided by 6?
5
What is the remainder when 1102 is divided by 27?
22
What is the remainder when 13550 is divided by 9?
5
What is the remainder when 219 is divided by 57?
48
Calculate the remainder when 714 is divided by 15.
9
Calculate the remainder when 162 is divided by 44.
30
What is the remainder when 145 is divided by 50?
45
What is the remainder when 660 is divided by 179?
123
What is the remainder when 3083 is divided by 16?
11
What is the remainder when 596 is divided by 20?
16
What is the remainder when 1906 is divided by 23?
20
What is the remainder when 571 is divided by 100?
71
Calculate the remainder when 110 is divided by 96.
14
Calculate the remainder when 186 is divided by 47.
45
What is the remainder when 132 is divided by 69?
63
What is the remainder when 5227 is divided by 83?
81
What is the remainder when 776 is divided by 37?
36
Calculate the remainder when 452 is divided by 12.
8
Calculate the remainder when 541 is divided by 282.
259
Calculate the remainder when 995 is divided by 197.
10
What is the remainder when 223 is divided by 71?
10
Calculate the remainder when 3604 is divided by 21.
13
Calculate the remainder when 3056 is divided by 34.
30
What is the remainder when 2259 is divided by 107?
12
What is the remainder when 367 is divided by 20?
7
What is the remainder when 2710 is divided by 227?
213
Calculate the remainder when 118 is divided by 64.
54
What is the remainder when 226 is divided by 204?
22
Calculate the remainder when 267 is divided by 15.
12
Calculate the remainder when 658 is divided by 55.
53
What is the remainder when 549 is divided by 29?
27
What is the remainder when 186 is divided by 78?
30
Calculate the remainder when 257 is divided by 130.
127
Calculate the remainder when 721 is divided by 35.
21
Calculate the remainder when 915 is divided by 82.
13
What is the remainder when 197 is divided by 35?
22
What is the remainder when 23373 is divided by 29?
28
Calculate the remainder when 202 is divided by 100.
2
Calculate the remainder when 3329 is divided by 257.
245
What is the remainder when 24056 is divided by 60?
56
Calculate the remainder when 189 is divided by 24.
21
Calculate the remainder when 150 is divided by 68.
14
Calculate the remainder when 1343 is divided by 12.
11
Calc